{"id":564,"date":"2011-06-22T16:30:42","date_gmt":"2011-06-22T14:30:42","guid":{"rendered":"http:\/\/www.auderset.com\/\/?page_id=564"},"modified":"2015-12-03T19:07:15","modified_gmt":"2015-12-03T17:07:15","slug":"latelier","status":"publish","type":"page","link":"https:\/\/www.auderset.com\/es\/about\/latelier\/","title":{"rendered":"El taller"},"content":{"rendered":"<p><span style=\"font-family: Arial;\"><img loading=\"lazy\" decoding=\"async\" class=\"alignnone size-full wp-image-724\" title=\"AtelierAuderset\" src=\"http:\/\/www.auderset.com\/\/wp-content\/uploads\/AtelierAuderset.jpg\" alt=\"\" width=\"400\" height=\"317\" srcset=\"https:\/\/www.auderset.com\/wp-content\/uploads\/AtelierAuderset.jpg 400w, https:\/\/www.auderset.com\/wp-content\/uploads\/AtelierAuderset-300x237.jpg 300w, https:\/\/www.auderset.com\/wp-content\/uploads\/AtelierAuderset-96x76.jpg 96w, https:\/\/www.auderset.com\/wp-content\/uploads\/AtelierAuderset-38x30.jpg 38w, https:\/\/www.auderset.com\/wp-content\/uploads\/AtelierAuderset-271x215.jpg 271w, https:\/\/www.auderset.com\/wp-content\/uploads\/AtelierAuderset-128x101.jpg 128w\" sizes=\"auto, (max-width: 400px) 100vw, 400px\" \/> <\/span><\/p>\n<p><a href=\"http:\/\/www.auderset.com\/\/wp-content\/uploads\/table-dessin-2.jpg\"><span style=\"font-family: Arial;\"><img loading=\"lazy\" decoding=\"async\" class=\"alignnone size-thumbnail wp-image-760\" style=\"margin: 5px; border: 5px solid black;\" title=\"table dessin 2\" src=\"http:\/\/www.auderset.com\/\/wp-content\/uploads\/table-dessin-2-150x150.jpg\" alt=\"\" width=\"150\" height=\"150\" \/><\/span><\/a><\/p>\n<p align=\"LEFT\"><span style=\"color: #000000;\"><span style=\"font-family: Arial,serif;\"><span style=\"font-size: small;\"><span lang=\"es-ES\">Antes, era una iglesia\u2026 se ha vuelto un taller creativo donde abundan las plantas trepadoras y la imaginaci\u00f3n. El p\u00falpito desde donde predicaba el pastor es ahora una mesa de dibujo. Un lugar aparte, donde se cultiva tambi\u00e9n el calor humano, una par\u00e9ntesis en un mundo que corre detr\u00e1s del rendimiento.<\/span><\/span><\/span><\/span><\/p>\n<p align=\"LEFT\"><span style=\"color: #000000;\"><span style=\"font-family: Arial,serif;\"><span style=\"font-size: small;\"><b>Librer\u00eda<\/b><\/span><\/span><\/span><span style=\"color: #000000;\"><span style=\"font-family: Arial,serif;\"><span style=\"font-size: small;\">: <\/span><\/span><\/span><\/p>\n<p align=\"LEFT\"><span style=\"color: #000000;\"><span style=\"font-family: Arial,serif;\"><span style=\"font-size: small;\">Exclusivamente productos del Taller. <\/span><\/span><\/span><span style=\"color: #000000;\"><span style=\"font-family: Arial,serif;\"><span style=\"font-size: small;\"><span lang=\"es-ES\">Los c\u00f3mics, y tambi\u00e9n productos derivados que no se encuentran en ninguna otra parte.<br \/>\n<\/span><b>Horas de apertura<\/b><\/span><\/span><\/span><span style=\"color: #000000;\"><span style=\"font-family: Arial,serif;\"><span style=\"font-size: small;\">: De lunes a viernes de las 9 a las 12 y de 13\u00a0:30 a las 17\u00a0:30. <\/span><\/span><\/span><\/p>\n<p><span style=\"font-family: Arial;\"><a href=\"http:\/\/www.auderset.com\/wp-content\/uploads\/atelier-expo.jpg\" target=\"_blank\"><img loading=\"lazy\" decoding=\"async\" class=\"alignnone wp-image-758 size-thumbnail\" style=\"margin: 5px; border: 5px solid black;\" title=\"atelier expo\" src=\"http:\/\/www.auderset.com\/\/wp-content\/uploads\/atelier-expo-150x150.jpg\" alt=\"\" width=\"150\" height=\"150\" \/><\/a><\/span><a href=\"http:\/\/www.auderset.com\/\/wp-content\/uploads\/cuisine.jpg\"><span style=\"font-family: Arial;\"><img loading=\"lazy\" decoding=\"async\" class=\"alignnone wp-image-763 size-thumbnail\" style=\"margin: 5px; border: 5px solid black;\" title=\"cuisine\" src=\"http:\/\/www.auderset.com\/wp-content\/uploads\/cuisine-150x150.jpg\" alt=\"\" width=\"150\" height=\"150\" \/><\/span><\/a><a href=\"http:\/\/www.auderset.com\/\/wp-content\/uploads\/malathe1.jpg\"><span style=\"font-family: Arial;\"><img loading=\"lazy\" decoding=\"async\" class=\"alignnone size-thumbnail wp-image-771\" style=\"margin: 5px; border: 5px solid black;\" title=\"malathe\" src=\"http:\/\/www.auderset.com\/\/wp-content\/uploads\/malathe1-150x150.jpg\" alt=\"\" width=\"150\" height=\"150\" \/><\/span><\/a><span style=\"color: #0000ee;\"><a href=\"http:\/\/www.auderset.com\/\/wp-content\/uploads\/table-dessin-3.jpg\"><span style=\"font-family: Arial;\"><img loading=\"lazy\" decoding=\"async\" class=\"alignnone size-thumbnail wp-image-761\" style=\"margin: 5px; border: 5px solid black;\" title=\"table dessin 3\" src=\"http:\/\/www.auderset.com\/\/wp-content\/uploads\/table-dessin-3-150x150.jpg\" alt=\"\" width=\"150\" height=\"150\" \/><\/span><\/a><\/span><span style=\"font-family: Arial;\"><a href=\"http:\/\/www.auderset.com\/wp-content\/uploads\/atelier-1.jpg\" target=\"_blank\"><img loading=\"lazy\" decoding=\"async\" class=\"alignnone wp-image-759 size-thumbnail\" style=\"margin: 5px; border: 5px solid black;\" title=\"atelier 1\" src=\"http:\/\/www.auderset.com\/wp-content\/uploads\/atelier-1-150x150.jpg\" alt=\"\" width=\"150\" height=\"150\" \/><\/a><\/span><a href=\"http:\/\/www.auderset.com\/\/wp-content\/uploads\/atelier-vert.jpg\"><span style=\"font-family: Arial;\"><img loading=\"lazy\" decoding=\"async\" class=\"alignnone size-thumbnail wp-image-772\" style=\"margin: 5px; border: 5px solid black;\" title=\"atelier vert\" src=\"http:\/\/www.auderset.com\/\/wp-content\/uploads\/atelier-vert-150x150.jpg\" alt=\"\" width=\"150\" height=\"150\" \/><\/span><\/a><\/p>\n<p align=\"LEFT\"><span style=\"color: #000000;\"><span style=\"font-family: Arial,serif;\"><span lang=\"es-ES\">Para ver el video sobre la mudanza\u00a0: <\/span><\/span><\/span><span style=\"color: #000000;\"><span style=\"font-family: Arial,serif;\"><span lang=\"es-ES\"><u><a href=\"http:\/\/www.rts.ch\/play\/tv\/12h45\/video\/festival-de-la-bande-dessinee-dangouleme-rencontre-avec-alain-auderset-dessinateur?id=776440\">haz un clic aqu\u00ed<\/a><\/u><\/span><\/span><\/span><\/p>\n<p align=\"LEFT\"><span style=\"color: #000000;\"><strong><a style=\"color: #000000;\" href=\"http:\/\/www.saint-imier.ch\/index.php\/fr\/\"><span style=\"font-family: Arial,serif;\"><span style=\"font-size: small;\"><span lang=\"es-ES\"><u>Saint-Imier<\/u><\/span><\/span><\/span><\/a><\/strong><span style=\"font-family: Arial,serif;\"><span style=\"font-size: small;\"><span lang=\"es-ES\">, ciudad fronteriza entre varios mundos, lugar cada vez m\u00e1s tur\u00edstico. En el siglo XVI, los cristianos que hu\u00edan la persecuci\u00f3n tuvieron que instalarse m\u00e1s all\u00e1 de mil metros, de all\u00ed una presencia importante de ellos en esa regi\u00f3n del Jura Bern\u00e9s. <\/span><\/span><\/span><\/span><\/p>\n<p align=\"LEFT\"><a name=\"_GoBack\"><\/a> <span style=\"color: #000000;\"><span style=\"font-family: Arial,serif;\"><span style=\"font-size: small;\"><span lang=\"es-ES\"><u><b>Plano de acceso al Taller<\/b><\/u><\/span><\/span><\/span><\/span><span style=\"color: #000000;\"><span style=\"font-family: Arial,serif;\"><span style=\"font-size: small;\"><span lang=\"es-ES\">(direcci\u00f3n)<\/span><\/span><\/span><\/span><\/p>\n<p><a href=\"http:\/\/www.auderset.com\/\/wp-content\/uploads\/FORET-HIVERT.jpg\"><span style=\"font-family: Arial;\"><img loading=\"lazy\" decoding=\"async\" class=\"alignnone size-thumbnail wp-image-773\" style=\"margin: 5px; border: 5px solid black;\" title=\"FORET HIVERT\" src=\"http:\/\/www.auderset.com\/\/wp-content\/uploads\/FORET-HIVERT-150x150.jpg\" alt=\"\" width=\"150\" height=\"150\" \/><\/span><\/a><a href=\"http:\/\/www.auderset.com\/\/wp-content\/uploads\/site-st-imier.jpg\"><span style=\"font-family: Arial;\"><img loading=\"lazy\" decoding=\"async\" class=\"alignnone size-thumbnail wp-image-774\" style=\"margin: 5px; border: 5px solid black;\" title=\"site st-imier\" src=\"http:\/\/www.auderset.com\/\/wp-content\/uploads\/site-st-imier-150x150.jpg\" alt=\"\" width=\"150\" height=\"150\" \/><\/span><\/a><\/p>\n<p>[youtube]http:\/\/www.youtube.com\/watch?v=ptbz3iniHPY[\/youtube]<\/p>","protected":false},"excerpt":{"rendered":"<p>Antes, era una iglesia\u2026 se ha vuelto un taller creativo donde abundan las plantas trepadoras y la imaginaci\u00f3n. El p\u00falpito desde donde predicaba el pastor es ahora una mesa de dibujo. Un lugar aparte, donde se cultiva tambi\u00e9n el calor &hellip; <a href=\"https:\/\/www.auderset.com\/es\/about\/latelier\/\">More&#8230;<\/a> <a href=\"https:\/\/www.auderset.com\/es\/about\/latelier\/\">More&#8230;<\/a><\/p>\n","protected":false},"author":1,"featured_media":0,"parent":2,"menu_order":0,"comment_status":"closed","ping_status":"closed","template":"","meta":{"footnotes":""},"class_list":["post-564","page","type-page","status-publish","hentry"],"_links":{"self":[{"href":"https:\/\/www.auderset.com\/es\/wp-json\/wp\/v2\/pages\/564","targetHints":{"allow":["GET"]}}],"collection":[{"href":"https:\/\/www.auderset.com\/es\/wp-json\/wp\/v2\/pages"}],"about":[{"href":"https:\/\/www.auderset.com\/es\/wp-json\/wp\/v2\/types\/page"}],"author":[{"embeddable":true,"href":"https:\/\/www.auderset.com\/es\/wp-json\/wp\/v2\/users\/1"}],"replies":[{"embeddable":true,"href":"https:\/\/www.auderset.com\/es\/wp-json\/wp\/v2\/comments?post=564"}],"version-history":[{"count":6,"href":"https:\/\/www.auderset.com\/es\/wp-json\/wp\/v2\/pages\/564\/revisions"}],"predecessor-version":[{"id":10551,"href":"https:\/\/www.auderset.com\/es\/wp-json\/wp\/v2\/pages\/564\/revisions\/10551"}],"up":[{"embeddable":true,"href":"https:\/\/www.auderset.com\/es\/wp-json\/wp\/v2\/pages\/2"}],"wp:attachment":[{"href":"https:\/\/www.auderset.com\/es\/wp-json\/wp\/v2\/media?parent=564"}],"curies":[{"name":"wp","href":"https:\/\/api.w.org\/{rel}","templated":true}]}}

<p><span style="font-family: Arial;"><img loading="lazy" decoding="async" class="alignnone size-full wp-image-724" title="AtelierAuderset" src="http://www.auderset.com//wp-content/uploads/AtelierAuderset.jpg" alt="" width="400" height="317" srcset="https://www.auderset.com/wp-content/uploads/AtelierAuderset.jpg 400w, https://www.auderset.com/wp-content/uploads/AtelierAuderset-300x237.jpg 300w, https://www.auderset.com/wp-content/uploads/AtelierAuderset-96x76.jpg 96w, https://www.auderset.com/wp-content/uploads/AtelierAuderset-38x30.jpg 38w, https://www.auderset.com/wp-content/uploads/AtelierAuderset-271x215.jpg 271w, https://www.auderset.com/wp-content/uploads/AtelierAuderset-128x101.jpg 128w" sizes="auto, (max-width: 400px) 100vw, 400px" /> </span></p>
<p><a href="http://www.auderset.com//wp-content/uploads/table-dessin-2.jpg"><span style="font-family: Arial;"><img loading="lazy" decoding="async" class="alignnone size-thumbnail wp-image-760" style="margin: 5px; border: 5px solid black;" title="table dessin 2" src="http://www.auderset.com//wp-content/uploads/table-dessin-2-150x150.jpg" alt="" width="150" height="150" /></span></a></p>
<p align="LEFT"><span style="color: #000000;"><span style="font-family: Arial,serif;"><span style="font-size: small;"><span lang="es-ES">Antes, era una iglesia… se ha vuelto un taller creativo donde abundan las plantas trepadoras y la imaginación. El púlpito desde donde predicaba el pastor es ahora una mesa de dibujo. Un lugar aparte, donde se cultiva también el calor humano, una paréntesis en un mundo que corre detrás del rendimiento.</span></span></span></span></p>
<p align="LEFT"><span style="color: #000000;"><span style="font-family: Arial,serif;"><span style="font-size: small;"><b>Librería</b></span></span></span><span style="color: #000000;"><span style="font-family: Arial,serif;"><span style="font-size: small;">: </span></span></span></p>
<p align="LEFT"><span style="color: #000000;"><span style="font-family: Arial,serif;"><span style="font-size: small;">Exclusivamente productos del Taller. </span></span></span><span style="color: #000000;"><span style="font-family: Arial,serif;"><span style="font-size: small;"><span lang="es-ES">Los cómics, y también productos derivados que no se encuentran en ninguna otra parte.<br />
</span><b>Horas de apertura</b></span></span></span><span style="color: #000000;"><span style="font-family: Arial,serif;"><span style="font-size: small;">: De lunes a viernes de las 9 a las 12 y de 13 :30 a las 17 :30. </span></span></span></p>
<p><span style="font-family: Arial;"><a href="http://www.auderset.com/wp-content/uploads/atelier-expo.jpg" target="_blank"><img loading="lazy" decoding="async" class="alignnone wp-image-758 size-thumbnail" style="margin: 5px; border: 5px solid black;" title="atelier expo" src="http://www.auderset.com//wp-content/uploads/atelier-expo-150x150.jpg" alt="" width="150" height="150" /></a></span><a href="http://www.auderset.com//wp-content/uploads/cuisine.jpg"><span style="font-family: Arial;"><img loading="lazy" decoding="async" class="alignnone wp-image-763 size-thumbnail" style="margin: 5px; border: 5px solid black;" title="cuisine" src="http://www.auderset.com/wp-content/uploads/cuisine-150x150.jpg" alt="" width="150" height="150" /></span></a><a href="http://www.auderset.com//wp-content/uploads/malathe1.jpg"><span style="font-family: Arial;"><img loading="lazy" decoding="async" class="alignnone size-thumbnail wp-image-771" style="margin: 5px; border: 5px solid black;" title="malathe" src="http://www.auderset.com//wp-content/uploads/malathe1-150x150.jpg" alt="" width="150" height="150" /></span></a><span style="color: #0000ee;"><a href="http://www.auderset.com//wp-content/uploads/table-dessin-3.jpg"><span style="font-family: Arial;"><img loading="lazy" decoding="async" class="alignnone size-thumbnail wp-image-761" style="margin: 5px; border: 5px solid black;" title="table dessin 3" src="http://www.auderset.com//wp-content/uploads/table-dessin-3-150x150.jpg" alt="" width="150" height="150" /></span></a></span><span style="font-family: Arial;"><a href="http://www.auderset.com/wp-content/uploads/atelier-1.jpg" target="_blank"><img loading="lazy" decoding="async" class="alignnone wp-image-759 size-thumbnail" style="margin: 5px; border: 5px solid black;" title="atelier 1" src="http://www.auderset.com/wp-content/uploads/atelier-1-150x150.jpg" alt="" width="150" height="150" /></a></span><a href="http://www.auderset.com//wp-content/uploads/atelier-vert.jpg"><span style="font-family: Arial;"><img loading="lazy" decoding="async" class="alignnone size-thumbnail wp-image-772" style="margin: 5px; border: 5px solid black;" title="atelier vert" src="http://www.auderset.com//wp-content/uploads/atelier-vert-150x150.jpg" alt="" width="150" height="150" /></span></a></p>
<p align="LEFT"><span style="color: #000000;"><span style="font-family: Arial,serif;"><span lang="es-ES">Para ver el video sobre la mudanza : </span></span></span><span style="color: #000000;"><span style="font-family: Arial,serif;"><span lang="es-ES"><u><a href="http://www.rts.ch/play/tv/12h45/video/festival-de-la-bande-dessinee-dangouleme-rencontre-avec-alain-auderset-dessinateur?id=776440">haz un clic aquí</a></u></span></span></span></p>
<p align="LEFT"><span style="color: #000000;"><strong><a style="color: #000000;" href="http://www.saint-imier.ch/index.php/fr/"><span style="font-family: Arial,serif;"><span style="font-size: small;"><span lang="es-ES"><u>Saint-Imier</u></span></span></span></a></strong><span style="font-family: Arial,serif;"><span style="font-size: small;"><span lang="es-ES">, ciudad fronteriza entre varios mundos, lugar cada vez más turístico. En el siglo XVI, los cristianos que huían la persecución tuvieron que instalarse más allá de mil metros, de allí una presencia importante de ellos en esa región del Jura Bernés. </span></span></span></span></p>
<p align="LEFT"><a name="_GoBack"></a> <span style="color: #000000;"><span style="font-family: Arial,serif;"><span style="font-size: small;"><span lang="es-ES"><u><b>Plano de acceso al Taller</b></u></span></span></span></span><span style="color: #000000;"><span style="font-family: Arial,serif;"><span style="font-size: small;"><span lang="es-ES">(dirección)</span></span></span></span></p>
<p><a href="http://www.auderset.com//wp-content/uploads/FORET-HIVERT.jpg"><span style="font-family: Arial;"><img loading="lazy" decoding="async" class="alignnone size-thumbnail wp-image-773" style="margin: 5px; border: 5px solid black;" title="FORET HIVERT" src="http://www.auderset.com//wp-content/uploads/FORET-HIVERT-150x150.jpg" alt="" width="150" height="150" /></span></a><a href="http://www.auderset.com//wp-content/uploads/site-st-imier.jpg"><span style="font-family: Arial;"><img loading="lazy" decoding="async" class="alignnone size-thumbnail wp-image-774" style="margin: 5px; border: 5px solid black;" title="site st-imier" src="http://www.auderset.com//wp-content/uploads/site-st-imier-150x150.jpg" alt="" width="150" height="150" /></span></a></p>
<p>[youtube]http://www.youtube.com/watch?v=ptbz3iniHPY[/youtube]</p>

<p>Antes, era una iglesia… se ha vuelto un taller creativo donde abundan las plantas trepadoras y la imaginación. El púlpito desde donde predicaba el pastor es ahora una mesa de dibujo. Un lugar aparte, donde se cultiva también el calor &hellip; <a href="https://www.auderset.com/es/about/latelier/">More&#8230;</a> <a href="https://www.auderset.com/es/about/latelier/">More&#8230;</a></p>
